- 35*y**2 - 14*y - 58. What is q(18)?
14
Let h(l) = -4*l**3 + 14*l**2 - 6*l + 46. Calculate h(4).
-10
Let g(o) = 139*o**2 + 6*o - 5. Calculate g(1).
140
Let x(b) = -b**3 - 45*b**2 + 254*b + 9533. Calculate x(-46).
-35
Let i(k) = -2*k**2 + 30*k - 49. Determine i(12).
23
Let l(f) = -f**3 + 18*f**2 + 13*f - 226. Give l(18).
8
Let o(p) = -p**3 + 13*p**2 - 40*p + 6. Give o(5).
6
Let j(f) = 23*f**2 + 2*f + 3. Give j(-1).
24
Let o(q) = -9*q**2 + 11*q + 23. Determine o(-2).
-35
Let i(r) = -18*r + 1277. Calculate i(70).
17
Let n(a) = -5*a + 91. Calculate n(0).
91
Let h(t) = -4365*t + 117858. Determine h(27).
3
Let x(v) = -82*v - 448. Calculate x(-6).
44
Let f(g) = 6*g**3 - 275*g**2 - 60*g - 45. What is f(46)?
-689
Let o(n) = n**3 - 23*n**2 - 47*n - 88. What is o(25)?
-13
Let s(k) = k**3 + 64*k**2 + 595*k + 636. What is s(-53)?
0
Let p(t) = 21*t**2 - 84*t - 5. Determine p(4).
-5
Let j(n) = 30*n**2 + 87*n. What is j(-3)?
9
Let s(t) = -3*t**3 - 39*t**2 + 7*t - 9. What is s(-13)?
-100
Let b(y) = -2*y**2 + 88*y - 167. What is b(2)?
1
Let s(m) = m**2 + 51*m + 396. Calculate s(-45).
126
Let v(s) = 320*s + 298. What is v(-1)?
-22
Let i(h) = -h**3 - 12*h**2 + 6*h - 32. Calculate i(-12).
-104
Let s(m) = 259*m - 424. What is s(2)?
94
Let c(d) = 12*d**3 + 3*d**2 + 33*d - 61. What is c(2)?
113
Let i(h) = h**3 + 4*h**2 + 11*h + 152. Determine i(-6).
14
Let i(u) = -2*u - 88. Determine i(-25).
-38
Let b(q) = 62*q - 368. What is b(4)?
-120
Let d(s) = -50*s - 74. Give d(-1).
-24
Let t(q) = -429*q + 1944. Calculate t(5).
-201
Let n(w) = -61*w**2 - 346*w + 119. What is n(-6)?
-1
Let f(j) = -147*j**3 - 2*j**2 - 5*j - 3. Determine f(-1).
147
Let a(m) = m**2 - 1816*m + 51837. What is a(29)?
14
Let u(h) = -9*h + 151. Determine u(16).
7
Let w(m) = 2*m - 23. Determine w(-8).
-39
Let a(c) = -c**3 + 9*c**2 - 17*c - 18. Calculate a(5).
-3
Let x(o) = -o**3 - 15*o**2 - 149*o - 836. Determine x(-6).
-266
Let i(r) = 2853*r + 37091. What is i(-13)?
2
Let v(i) = 13*i - 146. Give v(12).
10
Let r(z) = 2725*z - 8168. What is r(3)?
7
Let o(n) = -26*n + 75. What is o(12)?
-237
Let j(q) = -5*q**2 + 36*q - 204. What is j(5)?
-149
Let n(d) = -2*d**2 + 35*d - 31. Determine n(16).
17
Let n(r) = r**3 - 7*r**2 - 115*r - 114. Determine n(15).
-39
Let b(w) = -272*w - 19. Calculate b(-1).
253
Let q(y) = 5*y**3 - 49*y**2 - 5*y - 9. Give q(10).
41
Let v(x) = -100*x + 375. Calculate v(4).
-25
Let p(a) = -2*a**3 + 39*a**2 - 92*a + 91. Determine p(17).
-28
Let z(w) = -2111*w + 122442. Determine z(58).
4
Let h(y) = 2*y**2 - 88*y - 2562. What is h(-20)?
-2
Let j(h) = -h**3 - 35*h**2 + 19*h + 12. What is j(0)?
12
Let y(s) = -s**2 + 8*s + 39. Calculate y(11).
6
Let t(x) = 1317*x + 3938. Calculate t(-3).
-13
Let s(a) = -14*a**3 + 98*a**2 + 2*a - 14. What is s(7)?
0
Let q(w) = 3*w**3 + 7*w**2 - 58*w - 290. Give q(-5).
-200
Let q(z) = -218*z + 1531. What is q(7)?
5
Let y(z) = 164*z - 1436. Determine y(9).
40
Let v(y) = y**3 - 25*y**2 - 25*y - 23. Determine v(26).
3
Let f(r) = -4*r**2 - 9*r - 9. Give f(-1).
-4
Let j(k) = k**2 - k - 64. Give j(12).
68
Let f(k) = -k**3 - 32*k**2 + 33*k + 123. Calculate f(-33).
123
Let y(j) = -21*j**2 + 22*j + 1173. Determine y(8).
5
Let n(q) = -3210*q - 22458. Calculate n(-7).
12
Let y(w) = -68*w**2 - 176*w - 74. What is y(-2)?
6
Let r(l) = 40*l + 1244. What is r(-31)?
4
Let t(m) = m**3 + 25*m**2 + 92*m - 80. What is t(-20)?
80
Let x(k) = k**3 + 14*k**2 + 49*k + 981. Give x(-15).
21
Let z(u) = 3*u**2 - 5*u + 17. What is z(5)?
67
Let z(v) = -v**3 + 157*v**2 + 760*v + 8103. Give z(162).
3
Let f(b) = b**3 + 13*b**2 + 26*b + 174. Calculate f(-12).
6
Let o(q) = -241*q - 9651. Give o(-40).
-11
Let d(v) = 51*v + 219. Determine d(-4).
15
Let i(d) = -7*d - 416. Calculate i(-45).
-101
Let h(v) = -51*v + 91. Determine h(3).
-62
Let q(k) = -12*k**2 + k + 18. What is q(-6)?
-420
Let h(j) = -3*j**2 - 144*j + 1749. Determine h(10).
9
Let v(b) = 232*b + 23665. Give v(-102).
1
Let w(k) = -k**3 + 2*k**2 + 197*k + 28. Give w(-12).
-320
Let j(a) = -2*a**2 - 22*a - 189. What is j(-17)?
-393
Let w(d) = -6*d**2 - 516*d - 8469. What is w(-64)?
-21
Let c(o) = o**2 + 74. What is c(-13)?
243
Let x(b) = -b**3 + 5*b**2 + 55*b + 83. Give x(-4).
7
Let p(u) = -2*u**2 + 21894*u - 109426. What is p(5)?
-6
Let u(p) = p**2 + 23*p - 63. Calculate u(13).
405
Let h(x) = -60*x + 221. Give h(3).
41
Let a(x) = -3*x - 116. What is a(-24)?
-44
Let h(j) = -j**3 - 24*j**2 - 3*j - 109. Calculate h(-24).
-37
Let z(t) = t**2 + 2*t - 380. Determine z(17).
-57
Let y(z) = -2*z**2 + 117*z - 1701. Calculate y(29).
10
Let a(o) = -o**3 - 10*o**2 - 19*o + 37. Give a(-6).
7
Let i(w) = 3*w + 202. Determine i(19).
259
Let a(u) = -2*u**2 + 116*u - 205. What is a(53)?
325
Let j(g) = 2*g**2 - 20*g + 42. What is j(16)?
234
Let j(v) = -109*v - 3488. Determine j(-32).
0
Let r(g) = -8*g**2 + 33*g + 31. Give r(-1).
-10
Let i(p) = 2*p**2 - 74*p - 329. What is i(41)?
-1
Let o(m) = -m**3 + 82*m**2 - 1652*m - 157. Determine o(36).
-13
Let j(l) = 128*l - 2211. Calculate j(17).
-35
Let r(m) = -228*m + 11629. Give r(51).
1
Let a(p) = p - 17. What is a(22)?
5
Let l(c) = 25*c + 47. Calculate l(-14).
-303
Let g(h) = -h**3 - 21*h**2 - h - 10. Determine g(-21).
11
Let i(g) = -g**3 + 282*g**2 + 1183*g - 11160. What is i(286)?
-6
Let q(m) = 3*m**3 - 117*m**2 + 652*m + 639. Calculate q(32).
-1
Let j(q) = -2134*q + 6442. Give j(3).
40
Let h(s) = 12*s**2 - 1361*s + 1950. What is h(112)?
46
Let g(l) = l**3 - 3*l**2 + 21*l - 111. Calculate g(7).
232
Let d(q) = -19*q**2 + 2*q - 1. Calculate d(1).
-18
Let a(n) = -25*n + 195. What is a(8)?
-5
Let n(i) = -9*i**3 - 47*i**2 - 12*i - 19. Give n(-5).
-9
Let q(a) = 113*a**2 - a + 2. Determine q(1).
114
Let k(d) = -133*d**2 + 9*d + 8. Calculate k(-1).
-134
Let v(g) = 11*g - 182. What is v(29)?
137
Let h(l) = -l**3 + 61*l**2 + 13*l - 4368. Give h(60).
12
Let r(c) = c**3 + 2*c**2 - 17*c - 46. Determine r(-4).
-10
Let w(m) = -18*m - 96. What is w(-6)?
12
Let a(r) = -30*r + 11. Give a(-1).
41
Let u(q) = 23323*q + 116608. Determine u(-5).
-7
Let u(d) = 380*d - 104875. What is u(276)?
5
Let i(a) = -38*a - 210. What is i(-6)?
18
Let q(n) = 28*n + 3047. Give q(-104).
135
Let u(d) = -d**3 - 147*d**2 - 3842*d + 7. Give u(-34).
7
Let d(f) = -51*f - 664. What is d(-11)?
-103
Let f(i) = 15*i**2 - 4*i + 1. Determine f(-2).
69
Let c(s) = 51*s - 320. Calculate c(8).
88
Let n(v) = -50*v - 166. What is n(-7)?
184
Let f(y) = -733*y - 1453. Calculate f(-2).
13
Let u(z) = 8*z - 55. Give u(-1).
-63
Let i(v) = 48*v**3 - 5*v**2 + 11*v - 5. Calculate i(1).
49
Let w(g) = -g**3 - 49*g**2 - 43*g + 282. Calculate w(-48).
42
Let s(j) = -21*j**2 + 2207*j - 210. What is s(105)?
0
Let i(d) = 4*d**3 + 6*d**2 + 71*d + 145. Calculate i(-2).
-5
Let f(y) = 4*y**2 - 69*y - 18. Calculate f(19).
115
Let g(l) = -27*l**2 - 4*l + 95. Calculate g(7).
-1256
Let y(c) = -15*c**2 + 201*c + 2. Determine y(6).
668
Let z(b) = 3*b + 196. What is z(-23)?
127
Let i(f) = -4*f**3 - 25*f**2 - 36*f. Calculate i(-4).
0
Let r(w) = 50*w + 476. Determine r(-11).
-74
Let n(w) = -64*w - 451. Determine n(-10).
189
Let s(n) = 22555*n + 67681. Determine s(-3).
16
Let w(o) = 375*o - 394. Calculate w(3).
731
Let s(k) = 576*k + 4443. Calculate s(-8).
-165
Let v(c) = -13*c**2 - 140*c - 344. What is v(-6)?
28
Let w(k) = k**3 - 13*k**2 - 39*k + 22. What is w(15)?
-113
Let a(j) = 7*j**2 - 124*j + 515. Calculate a(11).
-2
Let g(l) = -36*l - 751. Calculate g(-20).
-31
Let g(v) = -v**3 - 7*v**2 + 8*v + 36. Determine g(-5).
-54
Let i(v) = 273*v + 54618. What is i(-200)?
18
Let k(d) = -d**3 + 3*d**2 + 23*d - 24. Calculate k(8).
-160
Let p(l) = -253*l + 977. Determine p(4).
-35
Let w(o) = 7*o**2 + 86*o - 3. Determine w(-12).
-27
Let q(o) = -4*o**3 + 481*o**2 + 850*o + 478. What is q(122)?
-10
Let h(o) = -2*o**2 - 4*o - 1. Give h(4).
-49
Let p(r) = 7*r**3 - 462*r**2 + 455*r + 1. Give p(65).
1
Let f(t) = -t**3 + 6*t**2 + 58*t - 63. Give f(1).
0
Let v(g) = -g**3 - 281*g**2 + 263*g - 5360. Calculate v(-282).
-2
Let q(p) = -521*p + 11472. Calculate q(22).
10
Let z(c) = 12*c - 78. What is z(-18)?
-294
Let y(j) = -8*j + 393. Give y(32).
137
Let z(q) = 747*q - 9661. Give z(13).
50
Let l(t) = -4*t**2 + 153*t - 56. Determine l(38).
-18
Let c(d) = 5*d**2 + 416*d + 77. Determine c(-83).
-6
Let l(j) = 2758*j + 2756